) = b**3 - 8*b**2 + 2*b + 2. Let t be j(8). Let c be 428/t - 14/(-63). What is the greatest common divisor of c and 8?
8
Suppose -4*s + 6 + 14 = 0. Suppose -6*f + s*f = -5. Let p = -7 + 12. Calculate the greatest common divisor of p and f.
5
Let n be 2 + 21*1 + -1. Let f be 120/55 + (-4)/n. Suppose f*z + 16 = 4*z. What is the highest common divisor of 64 and z?
8
Suppose -2*x = 3*x - 120. Calculate the highest common divisor of x and 12.
12
Let o = -30 + 31. What is the greatest common factor of o and 5?
1
Suppose -3*r + 136 = -146. Suppose r - 34 = 5*f. Let j = 60 - 36. What is the highest common divisor of j and f?
12
Let o = -4 + 12. Let w(n) = 4*n**2 + 2*n**3 + n - 3*n**3 + n**2 - 4. Let x be w(5). Calculate the greatest common divisor of o and x.
1
Suppose -7*a = -10*a + 9. Calculate the greatest common factor of 3 and a.
3
Let j = 2 - 2. Suppose j = 2*y - 7 + 1. Suppose 22 = 3*w + 2*c, -2*w - y*c + 4 = -19. Calculate the highest common divisor of w and 36.
4
Suppose -13 - 17 = -6*v. Suppose -3*q - v*m - 71 = -181, -2*q + 76 = 2*m. Calculate the greatest common factor of q and 5.
5
Let b = 6 + -3. Let f(p) be the second derivative of p**5/20 - 2*p**3/3 + p**2/2 - p. Let n be f(b). Calculate the highest common divisor of n and 32.
16
Suppose -3*v = -5*v - 44. Let m = 39 + v. Let p(c) = -51*c. Let z be p(-1). Calculate the highest common factor of m and z.
17
Let d(l) = l**3 + 7*l**2 - 2*l. Let b be d(-6). Suppose -m + 5*m - b = 0. Calculate the highest common divisor of m and 36.
12
Suppose -5*q = -k - 442, -2*k = 3*q + 104 - 364. Let o(a) = 10*a**2 - 2*a - 1. Let l be o(-1). Calculate the greatest common divisor of l and q.
11
Let w = 74 - 18. Suppose 0*j = -3*j. Let v be j + 0/(-3) + 7. Calculate the highest common divisor of w and v.
7
Let w = 6 - 4. Suppose -2*o = 2*b - 0*b - 8, -o = w*b - 9. Let v be (b + 1)/(4 + -2). Calculate the greatest common factor of 9 and v.
3
Let w(g) = g**2 + 12*g + 44. Let u be w(-14). Calculate the highest common divisor of 8 and u.
8
Suppose 15 = -5*q, 3 = -3*u + 2*q - 5*q. Suppose 4*o - 23 = -p + 11, -u*o + p = -20. What is the greatest common factor of o and 18?
9
Suppose 3*d + 2 - 32 = 0. Let h(q) = -14*q - 3. Let b = -8 + 6. Let o be h(b). What is the greatest common factor of o and d?
5
Let m be ((-62)/(-6) + -1)/(3/9). Calculate the greatest common factor of 28 and m.
28
Let w be ((-10)/6 - -2)*(5 - -1). What is the highest common divisor of 22 and w?
2
Suppose 1241 = 3*i + 257. Calculate the highest common divisor of i and 41.
41
Let a = -4 + 23. Calculate the greatest common factor of a and 171.
19
Suppose 3*t = 9 - 0. Let n(o) = o**2 - o - 1. Let u be n(t). What is the greatest common divisor of 10 and u?
5
Suppose -17 = -r + 2*t, 28 + 48 = 5*r - t. Calculate the greatest common divisor of 5 and r.
5
Let u be 0 + 1 + (1 - 1). Let g be (-1)/(-2) + 15/6. Suppose -2*a + z = -7, 2*a - g - 10 = 3*z. What is the greatest common factor of u and a?
1
Let i(x) be the second derivative of 7*x**3/6 - x**2 + 2*x. Let h be i(2). Calculate the highest common factor of 108 and h.
12
Let j be (-2)/(-16)*38*(3 + 1). What is the highest common factor of j and 133?
19
Let t(u) = u + 8. Let c be t(-4). Suppose 0*s + 152 = c*s. What is the greatest common divisor of 19 and s?
19
Suppose 0*c + c = 4. Let w be 10/c*(-8)/(-20). Suppose 5*j = -h + 54, j - 3*h - w = -3. Calculate the greatest common divisor of 20 and j.
10
Suppose 4*h - 30 = -2*m, 3*h + m - 4*m = 0. Suppose 0*b - 15 = -h*b. What is the greatest common factor of b and 6?
3
Suppose f - 1 - 6 = 0. What is the highest common divisor of 7 and f?
7
Let c = 3 + -4. Let w be -1 + 18 + (-1)/c. Calculate the highest common divisor of 18 and w.
18
Let s(u) = -2*u + 7. Let n be s(-28). Calculate the greatest common divisor of n and 18.
9
Let p be 3/(-6) - (-470)/(-4). Let d be (-2)/(-3) + (-424)/6. Let j = d - p. What is the highest common factor of j and 6?
6
Let d(w) = 2*w - 4. Let t be d(7). Let k = 118 + -48. What is the greatest common divisor of k and t?
10
Let s = -1 + 4. Suppose -5*u + 2*z + 55 = -s*z, 15 = u + z. What is the greatest common factor of u and 143?
13
Let p(w) = -w**2 - 28*w - 11. Let z be p(-27). What is the highest common divisor of 144 and z?
16
Let s(j) = j**2 - 2*j. Let u be s(5). Let v be -2 + 2 + (107 - 2). Calculate the greatest common divisor of u and v.
15
Let q(x) = -x**2 - 13*x - 5. Let v be q(-12). Calculate the highest common factor of v and 63.
7
Let n(f) = -4*f + 140. Let k be n(8). Let t be (25/(-1) + -2)/(-1). What is the greatest common divisor of k and t?
27
Let o be 75/7 - 2/(-7). Suppose 2*h = 4*h - 2*d, -5*h - 5*d + 40 = 0. Let r = h + 84. Calculate the greatest common factor of o and r.
11
Let z = 13 - 7. Suppose -z*d + 2*d = -4. What is the greatest common factor of 8 and d?
1
Suppose 4*f + 138 = 6*f. Calculate the highest common divisor of f and 46.
23
Let g = 84 + -26. Let k = g + -3. Let w = 13 + -8. What is the greatest common divisor of k and w?
5
Let i(w) = -w**2 - 7*w + 4. Let g be i(-6). What is the highest common factor of g and 40?
10
Suppose 3*q - 1 = -5*a, a + 4*q - 3*q = -1. What is the highest common divisor of 1 and a?
1
Let o = 3 - -9. Let c be 3/(-1) - (2/1 + -113). What is the greatest common divisor of o and c?
12
Suppose 2*r - 21 = 3. What is the highest common factor of r and 84?
12
Let r(v) = -2*v + 10. Let c be r(0). Let s be ((-495)/c)/(1/(-2)). Suppose -1 = -q + 10. What is the highest common factor of s and q?
11
Suppose 2*b = 9*b - 84. Calculate the highest common divisor of b and 4.
4
Let s be (-3)/(-15)*5 - -1*17. What is the highest common divisor of 126 and s?
18
Let u(d) = d - 4. Let f be u(6). Suppose 0 = -z + f*z. Suppose z = -2*o - 3*m + 36, 3*m = 3*o - m - 37. What is the greatest common divisor of 15 and o?
15
Let a(j) = -11*j**3 + 4*j**2 + 5*j + 2. Let d be a(-2). Calculate the greatest common factor of d and 12.
12
Let v = -122 + 187. Suppose 2*z = 15 + 11. What is the highest common divisor of z and v?
13
Let t = 668 + -453. Suppose -2*o = -t + 29. What is the highest common divisor of 31 and o?
31
Suppose 0 = 2*o + 2, -2*k = 2*o - 17 - 7. What is the highest common factor of 13 and k?
13
Let t(v) = -45*v - 6. Let c be t(-5). Let f = c + -85. Let s = f - 82. What is the highest common divisor of s and 13?
13
Let a be 314/14 - -4*9/(-84). What is the highest common factor of a and 55?
11
Suppose 0*z = 3*z - 90. Calculate the highest common divisor of 120 and z.
30
Suppose -3*f + c = -0*f - 51, 4*f - 2*c = 68. Let a be (-34 - 0)*-3*(-8)/(-48). Calculate the highest common factor of f and a.
17
Let t(i) = i**3 + i**2 - i + 1. Let a be t(2). Let f = a - 8. Let o be (f/4)/((-3)/(-24)). What is the greatest common divisor of 12 and o?
6
Let u = -1 - -4. Suppose u = f - 3*g, 3*g = -2*f + g + 6. Calculate the highest common divisor of 9 and f.
3
Let d be 2/11 + 20/11. Let y = d + 3. Let h(a) = -27*a + 1. Let j be h(-2). Calculate the highest common factor of y and j.
5
Suppose 0 = -2*n - 4*v + 16, 3*n - 52 = -2*n - 4*v. What is the highest common factor of 6 and n?
6
Suppose 42 - 222 = -9*a. What is the greatest common factor of a and 4?
4
Let b be 2*21/4*2. Let c = b - 9. Calculate the greatest common divisor of 12 and c.
12
Suppose -4*x + 268 = 92. Let k = -25 + 15. Let s be 6/(-1)*k/15. Calculate the highest common divisor of s and x.
4
Let i be 2/(3/(-30)*-4). Let t = i + -3. Suppose 2*n = 7*n - 2*y - 35, 0 = -5*n - t*y + 35. What is the highest common factor of n and 21?
7
Suppose 258 = 3*z - 3*f, z + 3*z = -f + 359. Let t = z + -63. Calculate the greatest common divisor of 13 and t.
13
Let u be 25 + (-1 - (0 + 0)). Calculate the greatest common factor of u and 60.
12
Suppose -2*c = -4*d + 24, -2*d + 6 = 3*c - c. Suppose -d*t + t + 68 = 0. Calculate the highest common divisor of 17 and t.
17
Let l(w) = w. Let m be l(10). Calculate the greatest common factor of 80 and m.
10
Let c = -9 + 13. Let y be c/2 + 100/4. Let n = -12 + y. What is the highest common factor of 15 and n?
15
Let m(h) = 2*h**2 + 5*h - 2. Let o be m(-4). What is the greatest common factor of o and 2?
2
Let w = 12 - 8. What is the greatest common factor of w and 2?
2
Suppose -5*f + 93 = x, -2*f + 26 + 4 = -2*x. Wh